{"id":3079,"date":"2025-01-23T14:03:19","date_gmt":"2025-01-23T14:03:19","guid":{"rendered":"https:\/\/m2campera.proyectosdesarrollosweb.com\/?product=asientos-cama-convertiblesprecios-orientativos"},"modified":"2025-04-25T09:32:05","modified_gmt":"2025-04-25T09:32:05","slug":"assentos-de-cama-conversiveis-precos-aproximados","status":"publish","type":"product","link":"https:\/\/m2camper.com\/pt\/assentos-de-cama-conversiveis-precos-aproximados\/","title":{"rendered":"Assentos de cama convers\u00edveis (pre\u00e7os aproximados)"},"content":{"rendered":"<p>Assentos de cama convers\u00edveis para maximizar todo o espa\u00e7o de acordo com suas necessidades e gostos<\/p>\n<p>Os pre\u00e7os variam dependendo do tamanho.&nbsp;<\/p>\n<p>Entre em contato conosco para obter seu or\u00e7amento<\/p>","protected":false},"excerpt":{"rendered":"<p>Asientos-cama convertibles para maximizar todo el espacio seg\u00fan tus necesidades y gustos Los precios var\u00edan seg\u00fan las medidas&nbsp; Ponte en contacto con nosotros para tu presupuesto<\/p>","protected":false},"featured_media":3080,"comment_status":"open","ping_status":"closed","template":"","meta":{"neve_meta_sidebar":"","neve_meta_container":"","neve_meta_enable_content_width":"","neve_meta_content_width":0,"neve_meta_title_alignment":"","neve_meta_author_avatar":"","neve_post_elements_order":"","neve_meta_disable_header":"","neve_meta_disable_footer":"","neve_meta_disable_title":""},"product_brand":[],"product_cat":[70,61],"product_tag":[],"class_list":{"0":"post-3079","1":"product","2":"type-product","3":"status-publish","4":"has-post-thumbnail","6":"product_cat-colchones","7":"product_cat-all-products","8":"pa_observaciones-plos-plazos-de-entrega-pueden-variar-segun-fechas-de-comprap","10":"first","11":"instock","12":"taxable","13":"shipping-taxable","14":"purchasable","15":"product-type-simple"},"yoast_head":"<!-- This site is optimized with the Yoast SEO plugin v27.5 - https:\/\/yoast.com\/product\/yoast-seo-wordpress\/ -->\n<title>Asientos- cama convertibles(precios orientativos) | M2Camper<\/title>\n<meta name=\"description\" content=\"Aislantes t\u00e9rmicos de 9 capas para Asientos- cama convertibles(precios orientativos). Oscurece las ventanas, mejora el aislamiento t\u00e9rmico y aporta privacidad. Fabricados a medida.\" \/>\n<meta name=\"robots\" content=\"index, follow, max-snippet:-1, max-image-preview:large, max-video-preview:-1\" \/>\n<link rel=\"canonical\" href=\"https:\/\/m2camper.com\/pt\/assentos-de-cama-conversiveis-precos-aproximados\/\" \/>\n<meta property=\"og:locale\" content=\"pt_PT\" \/>\n<meta property=\"og:type\" content=\"article\" \/>\n<meta property=\"og:title\" content=\"Asientos- cama convertibles(precios orientativos) | M2Camper\" \/>\n<meta property=\"og:description\" content=\"Aislantes t\u00e9rmicos de 9 capas para Asientos- cama convertibles(precios orientativos). Oscurece las ventanas, mejora el aislamiento t\u00e9rmico y aporta privacidad. Fabricados a medida.\" \/>\n<meta property=\"og:url\" content=\"https:\/\/m2camper.com\/pt\/assentos-de-cama-conversiveis-precos-aproximados\/\" \/>\n<meta property=\"og:site_name\" content=\"M2 Camper | Aislantes t\u00e9rmicos y oscurecedores para campers\" \/>\n<meta property=\"article:modified_time\" content=\"2025-04-25T09:32:05+00:00\" \/>\n<meta property=\"og:image\" content=\"https:\/\/m2camper.com\/wp-content\/uploads\/2025\/01\/60c9aa_9ca3472bef2e44aab6fb0d75e2a38f5emv2_d_4128_3096_s_4_2-scaled.jpg\" \/>\n\t<meta property=\"og:image:width\" content=\"2560\" \/>\n\t<meta property=\"og:image:height\" content=\"1920\" \/>\n\t<meta property=\"og:image:type\" content=\"image\/jpeg\" \/>\n<meta name=\"twitter:card\" content=\"summary_large_image\" \/>\n<script type=\"application\/ld+json\" class=\"yoast-schema-graph\">{\"@context\":\"https:\\\/\\\/schema.org\",\"@graph\":[{\"@type\":\"WebPage\",\"@id\":\"https:\\\/\\\/m2camper.com\\\/fr\\\/sieges-convertibles-en-lit-prix-approximatifs\\\/\",\"url\":\"https:\\\/\\\/m2camper.com\\\/fr\\\/sieges-convertibles-en-lit-prix-approximatifs\\\/\",\"name\":\"Asientos- cama convertibles(precios orientativos) | M2Camper\",\"isPartOf\":{\"@id\":\"https:\\\/\\\/m2camper.com\\\/pt\\\/#website\"},\"primaryImageOfPage\":{\"@id\":\"https:\\\/\\\/m2camper.com\\\/fr\\\/sieges-convertibles-en-lit-prix-approximatifs\\\/#primaryimage\"},\"image\":{\"@id\":\"https:\\\/\\\/m2camper.com\\\/fr\\\/sieges-convertibles-en-lit-prix-approximatifs\\\/#primaryimage\"},\"thumbnailUrl\":\"https:\\\/\\\/m2camper.com\\\/wp-content\\\/uploads\\\/2025\\\/01\\\/60c9aa_9ca3472bef2e44aab6fb0d75e2a38f5emv2_d_4128_3096_s_4_2-scaled.jpg\",\"datePublished\":\"2025-01-23T14:03:19+00:00\",\"dateModified\":\"2025-04-25T09:32:05+00:00\",\"description\":\"Aislantes t\u00e9rmicos de 9 capas para Asientos- cama convertibles(precios orientativos). Oscurece las ventanas, mejora el aislamiento t\u00e9rmico y aporta privacidad. Fabricados a medida.\",\"breadcrumb\":{\"@id\":\"https:\\\/\\\/m2camper.com\\\/fr\\\/sieges-convertibles-en-lit-prix-approximatifs\\\/#breadcrumb\"},\"inLanguage\":\"pt-PT\",\"potentialAction\":[{\"@type\":\"ReadAction\",\"target\":[\"https:\\\/\\\/m2camper.com\\\/fr\\\/sieges-convertibles-en-lit-prix-approximatifs\\\/\"]}]},{\"@type\":\"ImageObject\",\"inLanguage\":\"pt-PT\",\"@id\":\"https:\\\/\\\/m2camper.com\\\/fr\\\/sieges-convertibles-en-lit-prix-approximatifs\\\/#primaryimage\",\"url\":\"https:\\\/\\\/m2camper.com\\\/wp-content\\\/uploads\\\/2025\\\/01\\\/60c9aa_9ca3472bef2e44aab6fb0d75e2a38f5emv2_d_4128_3096_s_4_2-scaled.jpg\",\"contentUrl\":\"https:\\\/\\\/m2camper.com\\\/wp-content\\\/uploads\\\/2025\\\/01\\\/60c9aa_9ca3472bef2e44aab6fb0d75e2a38f5emv2_d_4128_3096_s_4_2-scaled.jpg\",\"width\":2560,\"height\":1920},{\"@type\":\"BreadcrumbList\",\"@id\":\"https:\\\/\\\/m2camper.com\\\/fr\\\/sieges-convertibles-en-lit-prix-approximatifs\\\/#breadcrumb\",\"itemListElement\":[{\"@type\":\"ListItem\",\"position\":1,\"name\":\"Portada\",\"item\":\"https:\\\/\\\/m2camper.com\\\/pt\\\/\"},{\"@type\":\"ListItem\",\"position\":2,\"name\":\"Tienda\",\"item\":\"https:\\\/\\\/m2camper.com\\\/pt\\\/loja\\\/\"},{\"@type\":\"ListItem\",\"position\":3,\"name\":\"Asientos- cama convertibles(precios orientativos)\"}]},{\"@type\":\"WebSite\",\"@id\":\"https:\\\/\\\/m2camper.com\\\/pt\\\/#website\",\"url\":\"https:\\\/\\\/m2camper.com\\\/pt\\\/\",\"name\":\"M2 Campers | Aislantes t\u00e9rmicos y oscurecedores para campers\",\"description\":\"Descubre calidad y confort de nuestros aislantes t\u00e9rmicos oscurecedores y colchones para veh\u00edculos. Optimiza tu experiencia en carretera con M2 Camper.\",\"potentialAction\":[{\"@type\":\"SearchAction\",\"target\":{\"@type\":\"EntryPoint\",\"urlTemplate\":\"https:\\\/\\\/m2camper.com\\\/pt\\\/?s={search_term_string}\"},\"query-input\":{\"@type\":\"PropertyValueSpecification\",\"valueRequired\":true,\"valueName\":\"search_term_string\"}}],\"inLanguage\":\"pt-PT\"}]}<\/script>\n<!-- \/ Yoast SEO plugin. -->","yoast_head_json":{"title":"Asientos- cama convertibles(precios orientativos) | M2Camper","description":"Aislantes t\u00e9rmicos de 9 capas para Asientos- cama convertibles(precios orientativos). Oscurece las ventanas, mejora el aislamiento t\u00e9rmico y aporta privacidad. Fabricados a medida.","robots":{"index":"index","follow":"follow","max-snippet":"max-snippet:-1","max-image-preview":"max-image-preview:large","max-video-preview":"max-video-preview:-1"},"canonical":"https:\/\/m2camper.com\/pt\/assentos-de-cama-conversiveis-precos-aproximados\/","og_locale":"pt_PT","og_type":"article","og_title":"Asientos- cama convertibles(precios orientativos) | M2Camper","og_description":"Aislantes t\u00e9rmicos de 9 capas para Asientos- cama convertibles(precios orientativos). Oscurece las ventanas, mejora el aislamiento t\u00e9rmico y aporta privacidad. Fabricados a medida.","og_url":"https:\/\/m2camper.com\/pt\/assentos-de-cama-conversiveis-precos-aproximados\/","og_site_name":"M2 Camper | Aislantes t\u00e9rmicos y oscurecedores para campers","article_modified_time":"2025-04-25T09:32:05+00:00","og_image":[{"width":2560,"height":1920,"url":"https:\/\/m2camper.com\/wp-content\/uploads\/2025\/01\/60c9aa_9ca3472bef2e44aab6fb0d75e2a38f5emv2_d_4128_3096_s_4_2-scaled.jpg","type":"image\/jpeg"}],"twitter_card":"summary_large_image","schema":{"@context":"https:\/\/schema.org","@graph":[{"@type":"WebPage","@id":"https:\/\/m2camper.com\/fr\/sieges-convertibles-en-lit-prix-approximatifs\/","url":"https:\/\/m2camper.com\/fr\/sieges-convertibles-en-lit-prix-approximatifs\/","name":"Asientos- cama convertibles(precios orientativos) | M2Camper","isPartOf":{"@id":"https:\/\/m2camper.com\/pt\/#website"},"primaryImageOfPage":{"@id":"https:\/\/m2camper.com\/fr\/sieges-convertibles-en-lit-prix-approximatifs\/#primaryimage"},"image":{"@id":"https:\/\/m2camper.com\/fr\/sieges-convertibles-en-lit-prix-approximatifs\/#primaryimage"},"thumbnailUrl":"https:\/\/m2camper.com\/wp-content\/uploads\/2025\/01\/60c9aa_9ca3472bef2e44aab6fb0d75e2a38f5emv2_d_4128_3096_s_4_2-scaled.jpg","datePublished":"2025-01-23T14:03:19+00:00","dateModified":"2025-04-25T09:32:05+00:00","description":"Aislantes t\u00e9rmicos de 9 capas para Asientos- cama convertibles(precios orientativos). Oscurece las ventanas, mejora el aislamiento t\u00e9rmico y aporta privacidad. Fabricados a medida.","breadcrumb":{"@id":"https:\/\/m2camper.com\/fr\/sieges-convertibles-en-lit-prix-approximatifs\/#breadcrumb"},"inLanguage":"pt-PT","potentialAction":[{"@type":"ReadAction","target":["https:\/\/m2camper.com\/fr\/sieges-convertibles-en-lit-prix-approximatifs\/"]}]},{"@type":"ImageObject","inLanguage":"pt-PT","@id":"https:\/\/m2camper.com\/fr\/sieges-convertibles-en-lit-prix-approximatifs\/#primaryimage","url":"https:\/\/m2camper.com\/wp-content\/uploads\/2025\/01\/60c9aa_9ca3472bef2e44aab6fb0d75e2a38f5emv2_d_4128_3096_s_4_2-scaled.jpg","contentUrl":"https:\/\/m2camper.com\/wp-content\/uploads\/2025\/01\/60c9aa_9ca3472bef2e44aab6fb0d75e2a38f5emv2_d_4128_3096_s_4_2-scaled.jpg","width":2560,"height":1920},{"@type":"BreadcrumbList","@id":"https:\/\/m2camper.com\/fr\/sieges-convertibles-en-lit-prix-approximatifs\/#breadcrumb","itemListElement":[{"@type":"ListItem","position":1,"name":"Portada","item":"https:\/\/m2camper.com\/pt\/"},{"@type":"ListItem","position":2,"name":"Tienda","item":"https:\/\/m2camper.com\/pt\/loja\/"},{"@type":"ListItem","position":3,"name":"Asientos- cama convertibles(precios orientativos)"}]},{"@type":"WebSite","@id":"https:\/\/m2camper.com\/pt\/#website","url":"https:\/\/m2camper.com\/pt\/","name":"M2 Campers | Isolamento t\u00e9rmico e blackouts para campistas","description":"Descubra a qualidade e o conforto do nosso isolamento t\u00e9rmico blackout e dos nossos colch\u00f5es para ve\u00edculos. Otimize sua experi\u00eancia de viagem com a M2 Camper.","potentialAction":[{"@type":"SearchAction","target":{"@type":"EntryPoint","urlTemplate":"https:\/\/m2camper.com\/pt\/?s={search_term_string}"},"query-input":{"@type":"PropertyValueSpecification","valueRequired":true,"valueName":"search_term_string"}}],"inLanguage":"pt-PT"}]}},"_links":{"self":[{"href":"https:\/\/m2camper.com\/pt\/wp-json\/wp\/v2\/product\/3079","targetHints":{"allow":["GET"]}}],"collection":[{"href":"https:\/\/m2camper.com\/pt\/wp-json\/wp\/v2\/product"}],"about":[{"href":"https:\/\/m2camper.com\/pt\/wp-json\/wp\/v2\/types\/product"}],"replies":[{"embeddable":true,"href":"https:\/\/m2camper.com\/pt\/wp-json\/wp\/v2\/comments?post=3079"}],"wp:featuredmedia":[{"embeddable":true,"href":"https:\/\/m2camper.com\/pt\/wp-json\/wp\/v2\/media\/3080"}],"wp:attachment":[{"href":"https:\/\/m2camper.com\/pt\/wp-json\/wp\/v2\/media?parent=3079"}],"wp:term":[{"taxonomy":"product_brand","embeddable":true,"href":"https:\/\/m2camper.com\/pt\/wp-json\/wp\/v2\/product_brand?post=3079"},{"taxonomy":"product_cat","embeddable":true,"href":"https:\/\/m2camper.com\/pt\/wp-json\/wp\/v2\/product_cat?post=3079"},{"taxonomy":"product_tag","embeddable":true,"href":"https:\/\/m2camper.com\/pt\/wp-json\/wp\/v2\/product_tag?post=3079"}],"curies":[{"name":"wp","href":"https:\/\/api.w.org\/{rel}","templated":true}]}}

Assentos de cama conversíveis (preços aproximados)

<p>Assentos de cama conversíveis para maximizar todo o espaço de acordo com suas necessidades e gostos</p>
<p>Os preços variam dependendo do tamanho.&nbsp;</p>
<p>Entre em contato conosco para obter seu orçamento</p>

<p>Asientos-cama convertibles para maximizar todo el espacio según tus necesidades y gustos Los precios varían según las medidas&nbsp; Ponte en contacto con nosotros para tu presupuesto</p>

<!-- This site is optimized with the Yoast SEO plugin v27.5 - https://yoast.com/product/yoast-seo-wordpress/ -->
<title>Asientos- cama convertibles(precios orientativos) | M2Camper</title>
<meta name="description" content="Aislantes térmicos de 9 capas para Asientos- cama convertibles(precios orientativos). Oscurece las ventanas, mejora el aislamiento térmico y aporta privacidad. Fabricados a medida." />
<meta name="robots" content="index, follow, max-snippet:-1, max-image-preview:large, max-video-preview:-1" />
<link rel="canonical" href="https://m2camper.com/pt/assentos-de-cama-conversiveis-precos-aproximados/" />
<meta property="og:locale" content="pt_PT" />
<meta property="og:type" content="article" />
<meta property="og:title" content="Asientos- cama convertibles(precios orientativos) | M2Camper" />
<meta property="og:description" content="Aislantes térmicos de 9 capas para Asientos- cama convertibles(precios orientativos). Oscurece las ventanas, mejora el aislamiento térmico y aporta privacidad. Fabricados a medida." />
<meta property="og:url" content="https://m2camper.com/pt/assentos-de-cama-conversiveis-precos-aproximados/" />
<meta property="og:site_name" content="M2 Camper | Aislantes térmicos y oscurecedores para campers" />
<meta property="article:modified_time" content="2025-04-25T09:32:05+00:00" />
<meta property="og:image" content="https://m2camper.com/wp-content/uploads/2025/01/60c9aa_9ca3472bef2e44aab6fb0d75e2a38f5emv2_d_4128_3096_s_4_2-scaled.jpg" />
	<meta property="og:image:width" content="2560" />
	<meta property="og:image:height" content="1920" />
	<meta property="og:image:type" content="image/jpeg" />
<meta name="twitter:card" content="summary_large_image" />
<script type="application/ld+json" class="yoast-schema-graph">{"@context":"https:\/\/schema.org","@graph":[{"@type":"WebPage","@id":"https:\/\/m2camper.com\/fr\/sieges-convertibles-en-lit-prix-approximatifs\/","url":"https:\/\/m2camper.com\/fr\/sieges-convertibles-en-lit-prix-approximatifs\/","name":"Asientos- cama convertibles(precios orientativos) | M2Camper","isPartOf":{"@id":"https:\/\/m2camper.com\/pt\/#website"},"primaryImageOfPage":{"@id":"https:\/\/m2camper.com\/fr\/sieges-convertibles-en-lit-prix-approximatifs\/#primaryimage"},"image":{"@id":"https:\/\/m2camper.com\/fr\/sieges-convertibles-en-lit-prix-approximatifs\/#primaryimage"},"thumbnailUrl":"https:\/\/m2camper.com\/wp-content\/uploads\/2025\/01\/60c9aa_9ca3472bef2e44aab6fb0d75e2a38f5emv2_d_4128_3096_s_4_2-scaled.jpg","datePublished":"2025-01-23T14:03:19+00:00","dateModified":"2025-04-25T09:32:05+00:00","description":"Aislantes térmicos de 9 capas para Asientos- cama convertibles(precios orientativos). Oscurece las ventanas, mejora el aislamiento térmico y aporta privacidad. Fabricados a medida.","breadcrumb":{"@id":"https:\/\/m2camper.com\/fr\/sieges-convertibles-en-lit-prix-approximatifs\/#breadcrumb"},"inLanguage":"pt-PT","potentialAction":[{"@type":"ReadAction","target":["https:\/\/m2camper.com\/fr\/sieges-convertibles-en-lit-prix-approximatifs\/"]}]},{"@type":"ImageObject","inLanguage":"pt-PT","@id":"https:\/\/m2camper.com\/fr\/sieges-convertibles-en-lit-prix-approximatifs\/#primaryimage","url":"https:\/\/m2camper.com\/wp-content\/uploads\/2025\/01\/60c9aa_9ca3472bef2e44aab6fb0d75e2a38f5emv2_d_4128_3096_s_4_2-scaled.jpg","contentUrl":"https:\/\/m2camper.com\/wp-content\/uploads\/2025\/01\/60c9aa_9ca3472bef2e44aab6fb0d75e2a38f5emv2_d_4128_3096_s_4_2-scaled.jpg","width":2560,"height":1920},{"@type":"BreadcrumbList","@id":"https:\/\/m2camper.com\/fr\/sieges-convertibles-en-lit-prix-approximatifs\/#breadcrumb","itemListElement":[{"@type":"ListItem","position":1,"name":"Portada","item":"https:\/\/m2camper.com\/pt\/"},{"@type":"ListItem","position":2,"name":"Tienda","item":"https:\/\/m2camper.com\/pt\/loja\/"},{"@type":"ListItem","position":3,"name":"Asientos- cama convertibles(precios orientativos)"}]},{"@type":"WebSite","@id":"https:\/\/m2camper.com\/pt\/#website","url":"https:\/\/m2camper.com\/pt\/","name":"M2 Campers | Aislantes térmicos y oscurecedores para campers","description":"Descubre calidad y confort de nuestros aislantes térmicos oscurecedores y colchones para vehículos. Optimiza tu experiencia en carretera con M2 Camper.","potentialAction":[{"@type":"SearchAction","target":{"@type":"EntryPoint","urlTemplate":"https:\/\/m2camper.com\/pt\/?s={search_term_string}"},"query-input":{"@type":"PropertyValueSpecification","valueRequired":true,"valueName":"search_term_string"}}],"inLanguage":"pt-PT"}]}</script>
<!-- / Yoast SEO plugin. -->

Aislantes térmicos de 9 capas para Asientos- cama convertibles(precios orientativos). Oscurece las ventanas, mejora el aislamiento térmico y aporta privacidad. Fabricados a medida.

M2 Camper | Aislantes térmicos y oscurecedores para campers

M2 Campers | Isolamento térmico e blackouts para campistas

Descubra a qualidade e o conforto do nosso isolamento térmico blackout e dos nossos colchões para veículos. Otimize sua experiência de viagem com a M2 Camper.
