{"id":2464,"date":"2025-01-23T13:59:35","date_gmt":"2025-01-23T13:59:35","guid":{"rendered":"https:\/\/m2campera.proyectosdesarrollosweb.com\/?product=colchones-a-medida-precios-orientativos"},"modified":"2025-04-25T09:32:05","modified_gmt":"2025-04-25T09:32:05","slug":"matelas-sur-mesure-prix-approximatifs","status":"publish","type":"product","link":"https:\/\/m2camper.com\/fr\/matelas-sur-mesure-prix-approximatifs\/","title":{"rendered":"Matelas sur mesure (prix approximatifs)"},"content":{"rendered":"<p>INDIQUER DANS LE CHAMP NOTES :<\/p>\n<p>Les mesures, pi\u00e8ces et donn\u00e9es n\u00e9cessaires pour pouvoir \u00e9tablir un budget&nbsp;<\/p>","protected":false},"excerpt":{"rendered":"<p>INDIQUEZ DANS LE CHAMP NOTES : Les mesures, pi\u00e8ces et donn\u00e9es n\u00e9cessaires pour pouvoir \u00e9tablir un devis&nbsp;<\/p>","protected":false},"featured_media":2465,"comment_status":"open","ping_status":"closed","template":"","meta":{"neve_meta_sidebar":"","neve_meta_container":"","neve_meta_enable_content_width":"","neve_meta_content_width":0,"neve_meta_title_alignment":"","neve_meta_author_avatar":"","neve_post_elements_order":"","neve_meta_disable_header":"","neve_meta_disable_footer":"","neve_meta_disable_title":""},"product_brand":[],"product_cat":[70,61],"product_tag":[],"class_list":{"0":"post-2464","1":"product","2":"type-product","3":"status-publish","4":"has-post-thumbnail","6":"product_cat-colchones","7":"product_cat-all-products","9":"first","10":"instock","11":"taxable","12":"shipping-taxable","13":"purchasable","14":"product-type-simple"},"yoast_head":"<!-- This site is optimized with the Yoast SEO plugin v27.5 - https:\/\/yoast.com\/product\/yoast-seo-wordpress\/ -->\n<title>Colchones a medida (precios orientativos) | M2Camper<\/title>\n<meta name=\"description\" content=\"Aislantes t\u00e9rmicos de 9 capas para Colchones a medida (precios orientativos). Oscurece las ventanas, mejora el aislamiento t\u00e9rmico y aporta privacidad. Fabricados a medida.\" \/>\n<meta name=\"robots\" content=\"index, follow, max-snippet:-1, max-image-preview:large, max-video-preview:-1\" \/>\n<link rel=\"canonical\" href=\"https:\/\/m2camper.com\/fr\/matelas-sur-mesure-prix-approximatifs\/\" \/>\n<meta property=\"og:locale\" content=\"fr_FR\" \/>\n<meta property=\"og:type\" content=\"article\" \/>\n<meta property=\"og:title\" content=\"Colchones a medida (precios orientativos) | M2Camper\" \/>\n<meta property=\"og:description\" content=\"Aislantes t\u00e9rmicos de 9 capas para Colchones a medida (precios orientativos). Oscurece las ventanas, mejora el aislamiento t\u00e9rmico y aporta privacidad. Fabricados a medida.\" \/>\n<meta property=\"og:url\" content=\"https:\/\/m2camper.com\/fr\/matelas-sur-mesure-prix-approximatifs\/\" \/>\n<meta property=\"og:site_name\" content=\"M2 Camper | Aislantes t\u00e9rmicos y oscurecedores para campers\" \/>\n<meta property=\"article:modified_time\" content=\"2025-04-25T09:32:05+00:00\" \/>\n<meta property=\"og:image\" content=\"https:\/\/m2camper.com\/wp-content\/uploads\/2025\/01\/60c9aa_b23e1a7c2fb941d6afe692a45fa57ac2mv2.jpg\" \/>\n\t<meta property=\"og:image:width\" content=\"1080\" \/>\n\t<meta property=\"og:image:height\" content=\"810\" \/>\n\t<meta property=\"og:image:type\" content=\"image\/jpeg\" \/>\n<meta name=\"twitter:card\" content=\"summary_large_image\" \/>\n<script type=\"application\/ld+json\" class=\"yoast-schema-graph\">{\"@context\":\"https:\\\/\\\/schema.org\",\"@graph\":[{\"@type\":\"WebPage\",\"@id\":\"https:\\\/\\\/m2camper.com\\\/colchones-a-medida-precios-orientativos\\\/\",\"url\":\"https:\\\/\\\/m2camper.com\\\/colchones-a-medida-precios-orientativos\\\/\",\"name\":\"Colchones a medida (precios orientativos) | M2Camper\",\"isPartOf\":{\"@id\":\"https:\\\/\\\/m2camper.com\\\/pt\\\/#website\"},\"primaryImageOfPage\":{\"@id\":\"https:\\\/\\\/m2camper.com\\\/colchones-a-medida-precios-orientativos\\\/#primaryimage\"},\"image\":{\"@id\":\"https:\\\/\\\/m2camper.com\\\/colchones-a-medida-precios-orientativos\\\/#primaryimage\"},\"thumbnailUrl\":\"https:\\\/\\\/m2camper.com\\\/wp-content\\\/uploads\\\/2025\\\/01\\\/60c9aa_b23e1a7c2fb941d6afe692a45fa57ac2mv2.jpg\",\"datePublished\":\"2025-01-23T13:59:35+00:00\",\"dateModified\":\"2025-04-25T09:32:05+00:00\",\"description\":\"Aislantes t\u00e9rmicos de 9 capas para Colchones a medida (precios orientativos). Oscurece las ventanas, mejora el aislamiento t\u00e9rmico y aporta privacidad. Fabricados a medida.\",\"breadcrumb\":{\"@id\":\"https:\\\/\\\/m2camper.com\\\/colchones-a-medida-precios-orientativos\\\/#breadcrumb\"},\"inLanguage\":\"fr-FR\",\"potentialAction\":[{\"@type\":\"ReadAction\",\"target\":[\"https:\\\/\\\/m2camper.com\\\/colchones-a-medida-precios-orientativos\\\/\"]}]},{\"@type\":\"ImageObject\",\"inLanguage\":\"fr-FR\",\"@id\":\"https:\\\/\\\/m2camper.com\\\/colchones-a-medida-precios-orientativos\\\/#primaryimage\",\"url\":\"https:\\\/\\\/m2camper.com\\\/wp-content\\\/uploads\\\/2025\\\/01\\\/60c9aa_b23e1a7c2fb941d6afe692a45fa57ac2mv2.jpg\",\"contentUrl\":\"https:\\\/\\\/m2camper.com\\\/wp-content\\\/uploads\\\/2025\\\/01\\\/60c9aa_b23e1a7c2fb941d6afe692a45fa57ac2mv2.jpg\",\"width\":1080,\"height\":810},{\"@type\":\"BreadcrumbList\",\"@id\":\"https:\\\/\\\/m2camper.com\\\/colchones-a-medida-precios-orientativos\\\/#breadcrumb\",\"itemListElement\":[{\"@type\":\"ListItem\",\"position\":1,\"name\":\"Portada\",\"item\":\"https:\\\/\\\/m2camper.com\\\/pt\\\/\"},{\"@type\":\"ListItem\",\"position\":2,\"name\":\"Tienda\",\"item\":\"https:\\\/\\\/m2camper.com\\\/pt\\\/loja\\\/\"},{\"@type\":\"ListItem\",\"position\":3,\"name\":\"Colchones a medida (precios orientativos)\"}]},{\"@type\":\"WebSite\",\"@id\":\"https:\\\/\\\/m2camper.com\\\/pt\\\/#website\",\"url\":\"https:\\\/\\\/m2camper.com\\\/pt\\\/\",\"name\":\"M2 Campers | Aislantes t\u00e9rmicos y oscurecedores para campers\",\"description\":\"Descubre calidad y confort de nuestros aislantes t\u00e9rmicos oscurecedores y colchones para veh\u00edculos. Optimiza tu experiencia en carretera con M2 Camper.\",\"potentialAction\":[{\"@type\":\"SearchAction\",\"target\":{\"@type\":\"EntryPoint\",\"urlTemplate\":\"https:\\\/\\\/m2camper.com\\\/pt\\\/?s={search_term_string}\"},\"query-input\":{\"@type\":\"PropertyValueSpecification\",\"valueRequired\":true,\"valueName\":\"search_term_string\"}}],\"inLanguage\":\"fr-FR\"}]}<\/script>\n<!-- \/ Yoast SEO plugin. -->","yoast_head_json":{"title":"Colchones a medida (precios orientativos) | M2Camper","description":"Aislantes t\u00e9rmicos de 9 capas para Colchones a medida (precios orientativos). Oscurece las ventanas, mejora el aislamiento t\u00e9rmico y aporta privacidad. Fabricados a medida.","robots":{"index":"index","follow":"follow","max-snippet":"max-snippet:-1","max-image-preview":"max-image-preview:large","max-video-preview":"max-video-preview:-1"},"canonical":"https:\/\/m2camper.com\/fr\/matelas-sur-mesure-prix-approximatifs\/","og_locale":"fr_FR","og_type":"article","og_title":"Colchones a medida (precios orientativos) | M2Camper","og_description":"Aislantes t\u00e9rmicos de 9 capas para Colchones a medida (precios orientativos). Oscurece las ventanas, mejora el aislamiento t\u00e9rmico y aporta privacidad. Fabricados a medida.","og_url":"https:\/\/m2camper.com\/fr\/matelas-sur-mesure-prix-approximatifs\/","og_site_name":"M2 Camper | Aislantes t\u00e9rmicos y oscurecedores para campers","article_modified_time":"2025-04-25T09:32:05+00:00","og_image":[{"width":1080,"height":810,"url":"https:\/\/m2camper.com\/wp-content\/uploads\/2025\/01\/60c9aa_b23e1a7c2fb941d6afe692a45fa57ac2mv2.jpg","type":"image\/jpeg"}],"twitter_card":"summary_large_image","schema":{"@context":"https:\/\/schema.org","@graph":[{"@type":"WebPage","@id":"https:\/\/m2camper.com\/colchones-a-medida-precios-orientativos\/","url":"https:\/\/m2camper.com\/colchones-a-medida-precios-orientativos\/","name":"Colchones a medida (precios orientativos) | M2Camper","isPartOf":{"@id":"https:\/\/m2camper.com\/pt\/#website"},"primaryImageOfPage":{"@id":"https:\/\/m2camper.com\/colchones-a-medida-precios-orientativos\/#primaryimage"},"image":{"@id":"https:\/\/m2camper.com\/colchones-a-medida-precios-orientativos\/#primaryimage"},"thumbnailUrl":"https:\/\/m2camper.com\/wp-content\/uploads\/2025\/01\/60c9aa_b23e1a7c2fb941d6afe692a45fa57ac2mv2.jpg","datePublished":"2025-01-23T13:59:35+00:00","dateModified":"2025-04-25T09:32:05+00:00","description":"Aislantes t\u00e9rmicos de 9 capas para Colchones a medida (precios orientativos). Oscurece las ventanas, mejora el aislamiento t\u00e9rmico y aporta privacidad. Fabricados a medida.","breadcrumb":{"@id":"https:\/\/m2camper.com\/colchones-a-medida-precios-orientativos\/#breadcrumb"},"inLanguage":"fr-FR","potentialAction":[{"@type":"ReadAction","target":["https:\/\/m2camper.com\/colchones-a-medida-precios-orientativos\/"]}]},{"@type":"ImageObject","inLanguage":"fr-FR","@id":"https:\/\/m2camper.com\/colchones-a-medida-precios-orientativos\/#primaryimage","url":"https:\/\/m2camper.com\/wp-content\/uploads\/2025\/01\/60c9aa_b23e1a7c2fb941d6afe692a45fa57ac2mv2.jpg","contentUrl":"https:\/\/m2camper.com\/wp-content\/uploads\/2025\/01\/60c9aa_b23e1a7c2fb941d6afe692a45fa57ac2mv2.jpg","width":1080,"height":810},{"@type":"BreadcrumbList","@id":"https:\/\/m2camper.com\/colchones-a-medida-precios-orientativos\/#breadcrumb","itemListElement":[{"@type":"ListItem","position":1,"name":"Portada","item":"https:\/\/m2camper.com\/pt\/"},{"@type":"ListItem","position":2,"name":"Tienda","item":"https:\/\/m2camper.com\/pt\/loja\/"},{"@type":"ListItem","position":3,"name":"Colchones a medida (precios orientativos)"}]},{"@type":"WebSite","@id":"https:\/\/m2camper.com\/pt\/#website","url":"https:\/\/m2camper.com\/pt\/","name":"M2 Campeurs | Isolation thermique et oscurecedores pour les campeurs","description":"D\u00e9couvrez la qualit\u00e9 et le confort de notre isolation thermique oscurecedores et des matelas pour les v\u00e9hicules. Optimiser votre exp\u00e9rience de la route avec M2 camping-car.","potentialAction":[{"@type":"SearchAction","target":{"@type":"EntryPoint","urlTemplate":"https:\/\/m2camper.com\/pt\/?s={search_term_string}"},"query-input":{"@type":"PropertyValueSpecification","valueRequired":true,"valueName":"search_term_string"}}],"inLanguage":"fr-FR"}]}},"_links":{"self":[{"href":"https:\/\/m2camper.com\/fr\/wp-json\/wp\/v2\/product\/2464","targetHints":{"allow":["GET"]}}],"collection":[{"href":"https:\/\/m2camper.com\/fr\/wp-json\/wp\/v2\/product"}],"about":[{"href":"https:\/\/m2camper.com\/fr\/wp-json\/wp\/v2\/types\/product"}],"replies":[{"embeddable":true,"href":"https:\/\/m2camper.com\/fr\/wp-json\/wp\/v2\/comments?post=2464"}],"wp:featuredmedia":[{"embeddable":true,"href":"https:\/\/m2camper.com\/fr\/wp-json\/wp\/v2\/media\/2465"}],"wp:attachment":[{"href":"https:\/\/m2camper.com\/fr\/wp-json\/wp\/v2\/media?parent=2464"}],"wp:term":[{"taxonomy":"product_brand","embeddable":true,"href":"https:\/\/m2camper.com\/fr\/wp-json\/wp\/v2\/product_brand?post=2464"},{"taxonomy":"product_cat","embeddable":true,"href":"https:\/\/m2camper.com\/fr\/wp-json\/wp\/v2\/product_cat?post=2464"},{"taxonomy":"product_tag","embeddable":true,"href":"https:\/\/m2camper.com\/fr\/wp-json\/wp\/v2\/product_tag?post=2464"}],"curies":[{"name":"wp","href":"https:\/\/api.w.org\/{rel}","templated":true}]}}

<p>INDIQUER DANS LE CHAMP NOTES :</p>
<p>Les mesures, pièces et données nécessaires pour pouvoir établir un budget&nbsp;</p>

<p>INDIQUEZ DANS LE CHAMP NOTES : Les mesures, pièces et données nécessaires pour pouvoir établir un devis&nbsp;</p>

<!-- This site is optimized with the Yoast SEO plugin v27.5 - https://yoast.com/product/yoast-seo-wordpress/ -->
<title>Colchones a medida (precios orientativos) | M2Camper</title>
<meta name="description" content="Aislantes térmicos de 9 capas para Colchones a medida (precios orientativos). Oscurece las ventanas, mejora el aislamiento térmico y aporta privacidad. Fabricados a medida." />
<meta name="robots" content="index, follow, max-snippet:-1, max-image-preview:large, max-video-preview:-1" />
<link rel="canonical" href="https://m2camper.com/fr/matelas-sur-mesure-prix-approximatifs/" />
<meta property="og:locale" content="fr_FR" />
<meta property="og:type" content="article" />
<meta property="og:title" content="Colchones a medida (precios orientativos) | M2Camper" />
<meta property="og:description" content="Aislantes térmicos de 9 capas para Colchones a medida (precios orientativos). Oscurece las ventanas, mejora el aislamiento térmico y aporta privacidad. Fabricados a medida." />
<meta property="og:url" content="https://m2camper.com/fr/matelas-sur-mesure-prix-approximatifs/" />
<meta property="og:site_name" content="M2 Camper | Aislantes térmicos y oscurecedores para campers" />
<meta property="article:modified_time" content="2025-04-25T09:32:05+00:00" />
<meta property="og:image" content="https://m2camper.com/wp-content/uploads/2025/01/60c9aa_b23e1a7c2fb941d6afe692a45fa57ac2mv2.jpg" />
	<meta property="og:image:width" content="1080" />
	<meta property="og:image:height" content="810" />
	<meta property="og:image:type" content="image/jpeg" />
<meta name="twitter:card" content="summary_large_image" />
<script type="application/ld+json" class="yoast-schema-graph">{"@context":"https:\/\/schema.org","@graph":[{"@type":"WebPage","@id":"https:\/\/m2camper.com\/colchones-a-medida-precios-orientativos\/","url":"https:\/\/m2camper.com\/colchones-a-medida-precios-orientativos\/","name":"Colchones a medida (precios orientativos) | M2Camper","isPartOf":{"@id":"https:\/\/m2camper.com\/pt\/#website"},"primaryImageOfPage":{"@id":"https:\/\/m2camper.com\/colchones-a-medida-precios-orientativos\/#primaryimage"},"image":{"@id":"https:\/\/m2camper.com\/colchones-a-medida-precios-orientativos\/#primaryimage"},"thumbnailUrl":"https:\/\/m2camper.com\/wp-content\/uploads\/2025\/01\/60c9aa_b23e1a7c2fb941d6afe692a45fa57ac2mv2.jpg","datePublished":"2025-01-23T13:59:35+00:00","dateModified":"2025-04-25T09:32:05+00:00","description":"Aislantes térmicos de 9 capas para Colchones a medida (precios orientativos). Oscurece las ventanas, mejora el aislamiento térmico y aporta privacidad. Fabricados a medida.","breadcrumb":{"@id":"https:\/\/m2camper.com\/colchones-a-medida-precios-orientativos\/#breadcrumb"},"inLanguage":"fr-FR","potentialAction":[{"@type":"ReadAction","target":["https:\/\/m2camper.com\/colchones-a-medida-precios-orientativos\/"]}]},{"@type":"ImageObject","inLanguage":"fr-FR","@id":"https:\/\/m2camper.com\/colchones-a-medida-precios-orientativos\/#primaryimage","url":"https:\/\/m2camper.com\/wp-content\/uploads\/2025\/01\/60c9aa_b23e1a7c2fb941d6afe692a45fa57ac2mv2.jpg","contentUrl":"https:\/\/m2camper.com\/wp-content\/uploads\/2025\/01\/60c9aa_b23e1a7c2fb941d6afe692a45fa57ac2mv2.jpg","width":1080,"height":810},{"@type":"BreadcrumbList","@id":"https:\/\/m2camper.com\/colchones-a-medida-precios-orientativos\/#breadcrumb","itemListElement":[{"@type":"ListItem","position":1,"name":"Portada","item":"https:\/\/m2camper.com\/pt\/"},{"@type":"ListItem","position":2,"name":"Tienda","item":"https:\/\/m2camper.com\/pt\/loja\/"},{"@type":"ListItem","position":3,"name":"Colchones a medida (precios orientativos)"}]},{"@type":"WebSite","@id":"https:\/\/m2camper.com\/pt\/#website","url":"https:\/\/m2camper.com\/pt\/","name":"M2 Campers | Aislantes térmicos y oscurecedores para campers","description":"Descubre calidad y confort de nuestros aislantes térmicos oscurecedores y colchones para vehículos. Optimiza tu experiencia en carretera con M2 Camper.","potentialAction":[{"@type":"SearchAction","target":{"@type":"EntryPoint","urlTemplate":"https:\/\/m2camper.com\/pt\/?s={search_term_string}"},"query-input":{"@type":"PropertyValueSpecification","valueRequired":true,"valueName":"search_term_string"}}],"inLanguage":"fr-FR"}]}</script>
<!-- / Yoast SEO plugin. -->

Aislantes térmicos de 9 capas para Colchones a medida (precios orientativos). Oscurece las ventanas, mejora el aislamiento térmico y aporta privacidad. Fabricados a medida.

M2 Camper | Aislantes térmicos y oscurecedores para campers

Découvrez la qualité et le confort de notre isolation thermique oscurecedores et des matelas pour les véhicules. Optimiser votre expérience de la route avec M2 camping-car.
