{"id":11724,"date":"2025-02-13T07:59:03","date_gmt":"2025-02-13T07:59:03","guid":{"rendered":"https:\/\/ultbit.com\/m2camper\/?page_id=11724"},"modified":"2026-04-08T17:36:11","modified_gmt":"2026-04-08T15:36:11","slug":"enviaments-i-devolucions","status":"publish","type":"page","link":"https:\/\/m2camper.com\/ca\/enviaments-i-devolucions\/","title":{"rendered":"Enviaments i devolucions"},"content":{"rendered":"<div data-elementor-type=\"wp-page\" data-elementor-id=\"11724\" class=\"elementor elementor-11724\" data-elementor-post-type=\"page\">\n\t\t\t\t<div class=\"elementor-element elementor-element-227d581 e-flex e-con-boxed e-con e-parent\" data-id=\"227d581\" data-element_type=\"container\" data-e-type=\"container\" data-settings=\"{&quot;background_background&quot;:&quot;classic&quot;}\">\n\t\t\t\t\t<div class=\"e-con-inner\">\n\t\t\t\t<div class=\"elementor-element elementor-element-3aa0bdc elementor-widget elementor-widget-text-editor\" data-id=\"3aa0bdc\" data-element_type=\"widget\" data-e-type=\"widget\" data-widget_type=\"text-editor.default\">\n\t\t\t\t<div class=\"elementor-widget-container\">\n\t\t\t\t\t\t\t\t\t<div id=\"bgLayers_comp-lmyw9jea2\" class=\"MW5IWV\" data-hook=\"bgLayers\" data-motion-part=\"BG_LAYER comp-lmyw9jea2\"><h2 id=\"bgMedia_comp-lmyw9jea2\" class=\"VgO9Yg\" data-motion-part=\"BG_MEDIA comp-lmyw9jea2\"><span style=\"color: #000000;\">POL\u00cdTICA D&#039;ENVIAMENTS<\/span><\/h2><\/div><div class=\"\" data-mesh-id=\"comp-lmyw9jea2inlineContent\" data-testid=\"inline-content\"><div data-mesh-id=\"comp-lmyw9jea2inlineContent-gridContainer\" data-testid=\"mesh-container-content\"><div id=\"comp-j8biz85r1\" class=\"HcOXKn SxM0TO QxJLC3 lq2cno YQcXTT comp-j8biz85r1 wixui-rich-text\" data-testid=\"richTextElement\"><p class=\"font_8 wixui-rich-text__text\">Es lliurar\u00e0 a l&#039;adre\u00e7a proporcionada a c\u00e0rrec del client des del nostre taller<\/p><p class=\"font_8 wixui-rich-text__text\">La mercaderia ser\u00e0 enviada al client previ av\u00eds facilitant el seguiment d&#039;enviaments<\/p><p class=\"font_8 wixui-rich-text__text\">Si el client no est\u00e0 disponible amb els nostres intents de lliurament<\/p><p class=\"font_8 wixui-rich-text__text\">queda reservat el dret de cancel\u00b7laci\u00f3 i reclam de les possibles despeses ocasionades per aquest motiu<\/p><p class=\"font_8 wixui-rich-text__text\">No acceptar cap entrega si la mercaderia ha patit algun dany,<\/p><p class=\"font_8 wixui-rich-text__text\">a risc de convertir-se en responsabilitat del client<\/p><p class=\"font_8 wixui-rich-text__text\">Els costos dels transports fora de la pen\u00ednsula, seran calculats de forma personalitzada pel nostre transport o algun suggerit pel client, sent els costos a c\u00e0rrec seu<\/p><h2 class=\"font_2 wixui-rich-text__text\"><span class=\"wixui-rich-text__text\" style=\"color: #000000;\">POL\u00cdTICA DE DEVOLUCIONS<\/span><\/h2><p class=\"font_8 wixui-rich-text__text\">Si per alguna ra\u00f3 no est\u00e0 satisfet amb la compra pot \u00a0<\/p><p class=\"font_8 wixui-rich-text__text\">sol\u00b7licitar un canvi o la devoluci\u00f3 dels diners\u00a0<\/p><p class=\"font_8 wixui-rich-text__text\">El termini de devoluci\u00f3 s\u00f3n 15 dies a partir de la data de lliurament<\/p><p class=\"font_8 wixui-rich-text__text\">sempre que es trobin en perfecte estat i no hagin estat manipulats<\/p><p class=\"font_8 wixui-rich-text__text\">Les despeses d&#039; enviament per devoluci\u00f3 seran a c\u00e0rrec del comprador\u00a0<\/p><p class=\"font_8 wixui-rich-text__text\">excepte els productes defectuosos o enviaments erronis\u00a0<\/p><p class=\"font_8 wixui-rich-text__text\">Un cop revisada la mercaderia al taller es procedir\u00e0 a la seva devoluci\u00f3<\/p><\/div><\/div><\/div>\t\t\t\t\t\t\t\t<\/div>\n\t\t\t\t<\/div>\n\t\t\t\t\t<\/div>\n\t\t\t\t<\/div>\n\t\t\t\t<\/div>","protected":false},"excerpt":{"rendered":"<p>POLITICA DE ENVIOS Se entregar\u00e1 en la direcci\u00f3n proporcionada a cargo del cliente desde nuestro taller La mercanc\u00eda ser\u00e1 enviada al cliente previo aviso facilitando seguimiento de env\u00edos Si el cliente no est\u00e1 disponible con nuestros intentos de entrega queda reservado el derecho de cancelaci\u00f3n y reclamo de los posibles gastos ocasionados por dicho motivo&hellip;&nbsp;<a href=\"https:\/\/m2camper.com\/ca\/enviaments-i-devolucions\/\" rel=\"bookmark\">Llegiu m\u00e9s \u00bb<span class=\"screen-reader-text\">Enviaments i devolucions<\/span><\/a><\/p>","protected":false},"author":5740,"featured_media":0,"parent":0,"menu_order":0,"comment_status":"closed","ping_status":"closed","template":"page-templates\/template-pagebuilder-full-width.php","meta":{"neve_meta_sidebar":"","neve_meta_container":"","neve_meta_enable_content_width":"off","neve_meta_content_width":100,"neve_meta_title_alignment":"","neve_meta_author_avatar":"","neve_post_elements_order":"","neve_meta_disable_header":"","neve_meta_disable_footer":"","neve_meta_disable_title":"","footnotes":""},"class_list":["post-11724","page","type-page","status-publish","hentry"],"yoast_head":"<!-- This site is optimized with the Yoast SEO plugin v27.5 - https:\/\/yoast.com\/product\/yoast-seo-wordpress\/ -->\n<title>Env\u00edos y devoluciones - M2 Camper | Aislantes t\u00e9rmicos y oscurecedores para campers<\/title>\n<meta name=\"robots\" content=\"noindex, nofollow\" \/>\n<meta property=\"og:locale\" content=\"ca_ES\" \/>\n<meta property=\"og:type\" content=\"article\" \/>\n<meta property=\"og:title\" content=\"Env\u00edos y devoluciones - M2 Camper | Aislantes t\u00e9rmicos y oscurecedores para campers\" \/>\n<meta property=\"og:description\" content=\"POLITICA DE ENVIOS Se entregar\u00e1 en la direcci\u00f3n proporcionada a cargo del cliente desde nuestro taller La mercanc\u00eda ser\u00e1 enviada al cliente previo aviso facilitando seguimiento de env\u00edos Si el cliente no est\u00e1 disponible con nuestros intentos de entrega queda reservado el derecho de cancelaci\u00f3n y reclamo de los posibles gastos ocasionados por dicho motivo&hellip;&nbsp;Llegiu m\u00e9s &raquo;Env\u00edos y devoluciones\" \/>\n<meta property=\"og:url\" content=\"https:\/\/m2camper.com\/ca\/enviaments-i-devolucions\/\" \/>\n<meta property=\"og:site_name\" content=\"M2 Camper | Aislantes t\u00e9rmicos y oscurecedores para campers\" \/>\n<meta property=\"article:modified_time\" content=\"2026-04-08T15:36:11+00:00\" \/>\n<meta name=\"twitter:card\" content=\"summary_large_image\" \/>\n<meta name=\"twitter:label1\" content=\"Temps estimat de lectura\" \/>\n\t<meta name=\"twitter:data1\" content=\"1 minut\" \/>\n<script type=\"application\/ld+json\" class=\"yoast-schema-graph\">{\"@context\":\"https:\\\/\\\/schema.org\",\"@graph\":[{\"@type\":\"WebPage\",\"@id\":\"https:\\\/\\\/m2camper.com\\\/envios-y-devoluciones\\\/\",\"url\":\"https:\\\/\\\/m2camper.com\\\/envios-y-devoluciones\\\/\",\"name\":\"Env\u00edos y devoluciones - M2 Camper | Aislantes t\u00e9rmicos y oscurecedores para campers\",\"isPartOf\":{\"@id\":\"https:\\\/\\\/m2camper.com\\\/pt\\\/#website\"},\"datePublished\":\"2025-02-13T07:59:03+00:00\",\"dateModified\":\"2026-04-08T15:36:11+00:00\",\"breadcrumb\":{\"@id\":\"https:\\\/\\\/m2camper.com\\\/envios-y-devoluciones\\\/#breadcrumb\"},\"inLanguage\":\"ca\",\"potentialAction\":[{\"@type\":\"ReadAction\",\"target\":[\"https:\\\/\\\/m2camper.com\\\/envios-y-devoluciones\\\/\"]}]},{\"@type\":\"BreadcrumbList\",\"@id\":\"https:\\\/\\\/m2camper.com\\\/envios-y-devoluciones\\\/#breadcrumb\",\"itemListElement\":[{\"@type\":\"ListItem\",\"position\":1,\"name\":\"Portada\",\"item\":\"https:\\\/\\\/m2camper.com\\\/pt\\\/\"},{\"@type\":\"ListItem\",\"position\":2,\"name\":\"Env\u00edos y devoluciones\"}]},{\"@type\":\"WebSite\",\"@id\":\"https:\\\/\\\/m2camper.com\\\/pt\\\/#website\",\"url\":\"https:\\\/\\\/m2camper.com\\\/pt\\\/\",\"name\":\"M2 Campers | Aislantes t\u00e9rmicos y oscurecedores para campers\",\"description\":\"Descubre calidad y confort de nuestros aislantes t\u00e9rmicos oscurecedores y colchones para veh\u00edculos. Optimiza tu experiencia en carretera con M2 Camper.\",\"potentialAction\":[{\"@type\":\"SearchAction\",\"target\":{\"@type\":\"EntryPoint\",\"urlTemplate\":\"https:\\\/\\\/m2camper.com\\\/pt\\\/?s={search_term_string}\"},\"query-input\":{\"@type\":\"PropertyValueSpecification\",\"valueRequired\":true,\"valueName\":\"search_term_string\"}}],\"inLanguage\":\"ca\"}]}<\/script>\n<!-- \/ Yoast SEO plugin. -->","yoast_head_json":{"title":"Enviaments i devolucions - M2 Camper |","robots":{"index":"noindex","follow":"nofollow"},"og_locale":"ca_ES","og_type":"article","og_title":"Env\u00edos y devoluciones - M2 Camper | Aislantes t\u00e9rmicos y oscurecedores para campers","og_description":"POLITICA DE ENVIOS Se entregar\u00e1 en la direcci\u00f3n proporcionada a cargo del cliente desde nuestro taller La mercanc\u00eda ser\u00e1 enviada al cliente previo aviso facilitando seguimiento de env\u00edos Si el cliente no est\u00e1 disponible con nuestros intentos de entrega queda reservado el derecho de cancelaci\u00f3n y reclamo de los posibles gastos ocasionados por dicho motivo&hellip;&nbsp;Llegiu m\u00e9s &raquo;Env\u00edos y devoluciones","og_url":"https:\/\/m2camper.com\/ca\/enviaments-i-devolucions\/","og_site_name":"M2 Camper | Aislantes t\u00e9rmicos y oscurecedores para campers","article_modified_time":"2026-04-08T15:36:11+00:00","twitter_card":"summary_large_image","twitter_misc":{"Temps estimat de lectura":"1 minut"},"schema":{"@context":"https:\/\/schema.org","@graph":[{"@type":"WebPage","@id":"https:\/\/m2camper.com\/envios-y-devoluciones\/","url":"https:\/\/m2camper.com\/envios-y-devoluciones\/","name":"Enviaments i devolucions - M2 Camper |","isPartOf":{"@id":"https:\/\/m2camper.com\/pt\/#website"},"datePublished":"2025-02-13T07:59:03+00:00","dateModified":"2026-04-08T15:36:11+00:00","breadcrumb":{"@id":"https:\/\/m2camper.com\/envios-y-devoluciones\/#breadcrumb"},"inLanguage":"ca","potentialAction":[{"@type":"ReadAction","target":["https:\/\/m2camper.com\/envios-y-devoluciones\/"]}]},{"@type":"BreadcrumbList","@id":"https:\/\/m2camper.com\/envios-y-devoluciones\/#breadcrumb","itemListElement":[{"@type":"ListItem","position":1,"name":"Portada","item":"https:\/\/m2camper.com\/pt\/"},{"@type":"ListItem","position":2,"name":"Env\u00edos y devoluciones"}]},{"@type":"WebSite","@id":"https:\/\/m2camper.com\/pt\/#website","url":"https:\/\/m2camper.com\/pt\/","name":"M2 Campers | A\u00efllants t\u00e8rmics i enfosquidors per a campers","description":"Descobreix qualitat i confort dels nostres a\u00efllants t\u00e8rmics enfosquidors i matalassos per a vehicles. Optimitza la teva experi\u00e8ncia a la carretera amb M2 Camper.","potentialAction":[{"@type":"SearchAction","target":{"@type":"EntryPoint","urlTemplate":"https:\/\/m2camper.com\/pt\/?s={search_term_string}"},"query-input":{"@type":"PropertyValueSpecification","valueRequired":true,"valueName":"search_term_string"}}],"inLanguage":"ca"}]}},"_links":{"self":[{"href":"https:\/\/m2camper.com\/ca\/wp-json\/wp\/v2\/pages\/11724","targetHints":{"allow":["GET"]}}],"collection":[{"href":"https:\/\/m2camper.com\/ca\/wp-json\/wp\/v2\/pages"}],"about":[{"href":"https:\/\/m2camper.com\/ca\/wp-json\/wp\/v2\/types\/page"}],"author":[{"embeddable":true,"href":"https:\/\/m2camper.com\/ca\/wp-json\/wp\/v2\/users\/5740"}],"replies":[{"embeddable":true,"href":"https:\/\/m2camper.com\/ca\/wp-json\/wp\/v2\/comments?post=11724"}],"version-history":[{"count":7,"href":"https:\/\/m2camper.com\/ca\/wp-json\/wp\/v2\/pages\/11724\/revisions"}],"predecessor-version":[{"id":12820,"href":"https:\/\/m2camper.com\/ca\/wp-json\/wp\/v2\/pages\/11724\/revisions\/12820"}],"wp:attachment":[{"href":"https:\/\/m2camper.com\/ca\/wp-json\/wp\/v2\/media?parent=11724"}],"curies":[{"name":"wp","href":"https:\/\/api.w.org\/{rel}","templated":true}]}}

<div data-elementor-type="wp-page" data-elementor-id="11724" class="elementor elementor-11724" data-elementor-post-type="page">
				<div class="elementor-element elementor-element-227d581 e-flex e-con-boxed e-con e-parent" data-id="227d581" data-element_type="container" data-e-type="container" data-settings="{&quot;background_background&quot;:&quot;classic&quot;}">
					<div class="e-con-inner">
				<div class="elementor-element elementor-element-3aa0bdc elementor-widget elementor-widget-text-editor" data-id="3aa0bdc" data-element_type="widget" data-e-type="widget" data-widget_type="text-editor.default">
				<div class="elementor-widget-container">
									<div id="bgLayers_comp-lmyw9jea2" class="MW5IWV" data-hook="bgLayers" data-motion-part="BG_LAYER comp-lmyw9jea2"><h2 id="bgMedia_comp-lmyw9jea2" class="VgO9Yg" data-motion-part="BG_MEDIA comp-lmyw9jea2"><span style="color: #000000;">POLÍTICA D&#039;ENVIAMENTS</span></h2></div><div class="" data-mesh-id="comp-lmyw9jea2inlineContent" data-testid="inline-content"><div data-mesh-id="comp-lmyw9jea2inlineContent-gridContainer" data-testid="mesh-container-content"><div id="comp-j8biz85r1" class="HcOXKn SxM0TO QxJLC3 lq2cno YQcXTT comp-j8biz85r1 wixui-rich-text" data-testid="richTextElement"><p class="font_8 wixui-rich-text__text">Es lliurarà a l&#039;adreça proporcionada a càrrec del client des del nostre taller</p><p class="font_8 wixui-rich-text__text">La mercaderia serà enviada al client previ avís facilitant el seguiment d&#039;enviaments</p><p class="font_8 wixui-rich-text__text">Si el client no està disponible amb els nostres intents de lliurament</p><p class="font_8 wixui-rich-text__text">queda reservat el dret de cancel·lació i reclam de les possibles despeses ocasionades per aquest motiu</p><p class="font_8 wixui-rich-text__text">No acceptar cap entrega si la mercaderia ha patit algun dany,</p><p class="font_8 wixui-rich-text__text">a risc de convertir-se en responsabilitat del client</p><p class="font_8 wixui-rich-text__text">Els costos dels transports fora de la península, seran calculats de forma personalitzada pel nostre transport o algun suggerit pel client, sent els costos a càrrec seu</p><h2 class="font_2 wixui-rich-text__text"><span class="wixui-rich-text__text" style="color: #000000;">POLÍTICA DE DEVOLUCIONS</span></h2><p class="font_8 wixui-rich-text__text">Si per alguna raó no està satisfet amb la compra pot  </p><p class="font_8 wixui-rich-text__text">sol·licitar un canvi o la devolució dels diners </p><p class="font_8 wixui-rich-text__text">El termini de devolució són 15 dies a partir de la data de lliurament</p><p class="font_8 wixui-rich-text__text">sempre que es trobin en perfecte estat i no hagin estat manipulats</p><p class="font_8 wixui-rich-text__text">Les despeses d&#039; enviament per devolució seran a càrrec del comprador </p><p class="font_8 wixui-rich-text__text">excepte els productes defectuosos o enviaments erronis </p><p class="font_8 wixui-rich-text__text">Un cop revisada la mercaderia al taller es procedirà a la seva devolució</p></div></div></div>								</div>
				</div>
					</div>
				</div>
				</div>

<p>POLITICA DE ENVIOS Se entregará en la dirección proporcionada a cargo del cliente desde nuestro taller La mercancía será enviada al cliente previo aviso facilitando seguimiento de envíos Si el cliente no está disponible con nuestros intentos de entrega queda reservado el derecho de cancelación y reclamo de los posibles gastos ocasionados por dicho motivo&hellip;&nbsp;<a href="https://m2camper.com/ca/enviaments-i-devolucions/" rel="bookmark">Llegiu més »<span class="screen-reader-text">Enviaments i devolucions</span></a></p>

<!-- This site is optimized with the Yoast SEO plugin v27.5 - https://yoast.com/product/yoast-seo-wordpress/ -->
<title>Envíos y devoluciones - M2 Camper | Aislantes térmicos y oscurecedores para campers</title>
<meta name="robots" content="noindex, nofollow" />
<meta property="og:locale" content="ca_ES" />
<meta property="og:type" content="article" />
<meta property="og:title" content="Envíos y devoluciones - M2 Camper | Aislantes térmicos y oscurecedores para campers" />
<meta property="og:description" content="POLITICA DE ENVIOS Se entregará en la dirección proporcionada a cargo del cliente desde nuestro taller La mercancía será enviada al cliente previo aviso facilitando seguimiento de envíos Si el cliente no está disponible con nuestros intentos de entrega queda reservado el derecho de cancelación y reclamo de los posibles gastos ocasionados por dicho motivo&hellip;&nbsp;Llegiu més &raquo;Envíos y devoluciones" />
<meta property="og:url" content="https://m2camper.com/ca/enviaments-i-devolucions/" />
<meta property="og:site_name" content="M2 Camper | Aislantes térmicos y oscurecedores para campers" />
<meta property="article:modified_time" content="2026-04-08T15:36:11+00:00" />
<meta name="twitter:card" content="summary_large_image" />
<meta name="twitter:label1" content="Temps estimat de lectura" />
	<meta name="twitter:data1" content="1 minut" />
<script type="application/ld+json" class="yoast-schema-graph">{"@context":"https:\/\/schema.org","@graph":[{"@type":"WebPage","@id":"https:\/\/m2camper.com\/envios-y-devoluciones\/","url":"https:\/\/m2camper.com\/envios-y-devoluciones\/","name":"Envíos y devoluciones - M2 Camper | Aislantes térmicos y oscurecedores para campers","isPartOf":{"@id":"https:\/\/m2camper.com\/pt\/#website"},"datePublished":"2025-02-13T07:59:03+00:00","dateModified":"2026-04-08T15:36:11+00:00","breadcrumb":{"@id":"https:\/\/m2camper.com\/envios-y-devoluciones\/#breadcrumb"},"inLanguage":"ca","potentialAction":[{"@type":"ReadAction","target":["https:\/\/m2camper.com\/envios-y-devoluciones\/"]}]},{"@type":"BreadcrumbList","@id":"https:\/\/m2camper.com\/envios-y-devoluciones\/#breadcrumb","itemListElement":[{"@type":"ListItem","position":1,"name":"Portada","item":"https:\/\/m2camper.com\/pt\/"},{"@type":"ListItem","position":2,"name":"Envíos y devoluciones"}]},{"@type":"WebSite","@id":"https:\/\/m2camper.com\/pt\/#website","url":"https:\/\/m2camper.com\/pt\/","name":"M2 Campers | Aislantes térmicos y oscurecedores para campers","description":"Descubre calidad y confort de nuestros aislantes térmicos oscurecedores y colchones para vehículos. Optimiza tu experiencia en carretera con M2 Camper.","potentialAction":[{"@type":"SearchAction","target":{"@type":"EntryPoint","urlTemplate":"https:\/\/m2camper.com\/pt\/?s={search_term_string}"},"query-input":{"@type":"PropertyValueSpecification","valueRequired":true,"valueName":"search_term_string"}}],"inLanguage":"ca"}]}</script>
<!-- / Yoast SEO plugin. -->

Envíos y devoluciones - M2 Camper | Aislantes térmicos y oscurecedores para campers

POLITICA DE ENVIOS Se entregará en la dirección proporcionada a cargo del cliente desde nuestro taller La mercancía será enviada al cliente previo aviso facilitando seguimiento de envíos Si el cliente no está disponible con nuestros intentos de entrega queda reservado el derecho de cancelación y reclamo de los posibles gastos ocasionados por dicho motivo&hellip;&nbsp;Llegiu més &raquo;Envíos y devoluciones

M2 Camper | Aislantes térmicos y oscurecedores para campers

Envíos y devoluciones

M2 Campers | Aïllants tèrmics i enfosquidors per a campers

Descobreix qualitat i confort dels nostres aïllants tèrmics enfosquidors i matalassos per a vehicles. Optimitza la teva experiència a la carretera amb M2 Camper.
